 3*z + 2*z = r*a - 47. Suppose 4*b - a = 0, 2*b - 132 = y - 3*y. What is the units digit of y?
4
Let d(r) = -3*r**2 - 12*r - 18. Let a be d(-2). What is the hundreds digit of (-2235)/a*(-42)/(-35)?
4
Suppose 0 = 3*c - 5*f - 29 + 14, 0 = -2*c + 2*f + 6. Suppose c = 3*b - q - 3735, 4*b + 1255 = 5*b + 3*q. What is the tens digit of b?
4
Suppose 0 = 3*i + 9*i - 48. Suppose -1559 = -i*p - 375. What is the hundreds digit of p?
2
Let n(t) = -6751*t**3 - 2*t**2 - 4*t - 1. What is the hundreds digit of n(-1)?
7
What is the ten thousands digit of ((414/115)/(2/(-10)))/(6/(-3880))?
1
Let h = 19842 + 10226. What is the hundreds digit of h?
0
Let g be (4/(-3))/((-2)/27). Let y(b) = 8*b - 54. Let r be y(5). Let u = g + r. What is the units digit of u?
4
Let r be (-7 - 18)*((-28)/(-10) - 3). What is the hundreds digit of (664/r)/(3/(135/18))?
3
Suppose q + m = -3*m + 974, 5*m - 3907 = -4*q. Suppose p = 5*b + q, 6*b = -2*p + b + 2001. What is the hundreds digit of p?
9
Let w(j) = 33*j + 1803. What is the tens digit of w(-11)?
4
Let d(f) = -9585*f - 3682. What is the units digit of d(-8)?
8
Suppose 0*k + 17*k = k + 390096. What is the thousands digit of k?
4
What is the units digit of 4357*2 + -11 + 255/17?
8
Let a be 1*(3/(-7) + 21/49). Suppose a = s - 4 - 0. Suppose 56 - 36 = s*q. What is the units digit of q?
5
Let o = -365 - -2447. Let p = o + -1181. What is the tens digit of p?
0
Let u = -4306 - -2155. Let k = -899 - u. What is the units digit of k?
2
Suppose 0 = m + 5*i + 97, -3*m = -6*m - 5*i - 241. Let w = m + -131. Let s = -121 - w. What is the tens digit of s?
8
Suppose -70*k + 112*k - 334505 = -107*k. What is the tens digit of k?
4
Let k be (-16 + 15)/(0/1 - (-1)/(-6)). Suppose 0 = 4*j - 225 - 263. Suppose -k = -3*y, -y + j = 4*m - 52. What is the units digit of m?
3
Suppose -9 = -8*k - k. Suppose -j = 4*r - k, 0*r - 9 = -j + 4*r. Suppose 6*v = 2*v, j*h = -3*v + 490. What is the tens digit of h?
9
What is the tens digit of (574/(-21))/(20/(-2640))?
0
Let n = -76 + 85. Let u(a) = -a**3 + 10*a**2 - 9*a + 9. Let p be u(n). Suppose -809 = p*j - 3050. What is the tens digit of j?
4
Let c = 3520 - 1321. What is the units digit of c?
9
Let o be (132/5)/((-12)/(-450)). Suppose 2*t - 1970 = 2*s, 2*s - 4*s - o = -t. What is the units digit of 18/(-54) - t/(-6)?
3
What is the hundreds digit of (-64430)/(-12) + (-199)/1194?
3
Let v(i) = -i**2 - 25*i + 19. Let b be (-73)/146 + 37/(-2). What is the tens digit of v(b)?
3
Let w be (23670/20)/(-9) + (-3)/(-2). Let g be (-2)/4 + (-5)/(-2). What is the units digit of ((-12)/12)/(g/w)?
5
Suppose 534*o - 126338 - 125991 = 523*o. What is the ten thousands digit of o?
2
Let n(w) = -3*w + 36. Let v be n(11). Suppose v*d + 5*g = 406 + 254, -g + 433 = 2*d. Let p = -122 + d. What is the units digit of p?
3
Suppose 0 = -15*u + 6807 - 327. Suppose -2*j + u - 168 = 0. What is the units digit of j?
2
Suppose -x = -15*x + 361952 + 480428. What is the tens digit of x?
7
Suppose -9045 - 2636 = -2*z + 5263. What is the thousands digit of z?
8
Let s(o) = 361*o**2 - 44*o + 60. What is the tens digit of s(5)?
6
Let f(g) be the third derivative of 2*g**5/15 - 5*g**4/24 - 11*g**3/6 - 3*g**2 + 3*g. What is the tens digit of f(5)?
6
Let w(p) = -17*p - 2. Let a(i) = -16*i - 3. Let v(c) = 3*a(c) - 2*w(c). Let l be v(-4). Suppose 0 = -26*o + 27*o - l. What is the units digit of o?
1
What is the hundreds digit of 308*(74/(-4))/(-37)?
1
Let u(b) = 1 + 24*b + b + 4*b + 14*b - 3*b**2. What is the tens digit of u(11)?
1
Suppose 0 = 134*j - 131*j - 12. Suppose -4*v = j*t - v - 1228, -5*t = -5*v - 1500. What is the units digit of t?
4
Suppose 4*q - 6822 = -2*l, -3*l - 50*q + 10211 = -55*q. What is the hundreds digit of l?
4
Let j(k) be the first derivative of 8*k - 1/4*k**4 - 11/3*k**3 + 11/2*k**2 - 2. What is the units digit of j(-12)?
0
Suppose 3*g - 8*g = 11*g - 327792. What is the thousands digit of g?
0
Let h = 48 - 48. Suppose h*c = -5*c. Suppose c = -4*g + 210 + 174. What is the tens digit of g?
9
Let s = -10 + -36. Let c = -42 - s. Suppose -37 - 67 = -c*k. What is the tens digit of k?
2
Suppose g = -6*n + 4*n + 7067, -35330 = -10*n - 4*g. What is the thousands digit of n?
3
Suppose -5*l - 52 = -3*p, 5*p = -2*l + 3 + 1. Let f be -1 + 2/l*-4. Suppose f*w + w = 1, w + 387 = 4*r. What is the tens digit of r?
9
Suppose 77 = 4*t - z - 4*z, 5*t - 45 = -4*z. Let x be (-1 - t)/(8/24). What is the units digit of (100/8)/(x/44 + 1)?
5
Suppose 67 = p - 4*m, 0 = 13*m - 12*m + 6. Let j = -98 + 227. Suppose j + p = 2*s. What is the units digit of s?
6
What is the units digit of (-52316)/(-12) - 1 - 13/(-39)?
9
Let v be (-20)/(-8)*(-64)/(-20). Suppose -v*l + 8436 = 2284. What is the units digit of l?
9
Suppose 15542 + 12455 = 4*t + 5*l, 4*l + 34945 = 5*t. What is the hundreds digit of t?
9
Suppose 13*y - 14 = 12. Suppose -3*z = -2*z + 2*p - 473, -y*z = -4*p - 922. What is the hundreds digit of z?
4
Let m = -1834 - -4069. Suppose -3*s + 3*i + m = 0, -4759 = -5*s - 4*i - 1034. What is the tens digit of s?
4
Let c(h) = -7*h**2 + 12*h**3 - 44*h**3 - 4*h + h - h. What is the tens digit of c(-2)?
3
Let d = -20 + 28. Suppose -2*s + x = s - 4, -s - d = 2*x. Suppose s = 9*m - 4*m - 530. What is the units digit of m?
6
Let r = 426 - -9635. What is the thousands digit of r?
0
Let m(i) be the third derivative of 2*i**5/15 + i**4/6 + i**3/3 + 19*i**2. Let s = 2 - 5. What is the tens digit of m(s)?
6
Let s(r) = 15076*r**3 + 3*r**2 - 41*r + 38. What is the hundreds digit of s(1)?
0
Let t(v) = -v**3 + 8*v**2 + v - 8. Let o be 3 - (3 + -6)*100/(-6). Let j = o + 53. What is the units digit of t(j)?
0
Suppose 5*o - 5*b - 60 = 0, 0 = 4*b + 6 + 2. What is the units digit of 595 + (o - (-2 - -3))?
4
Let j = -11 - -10. Let c be (-3 - j - 1/(-1))*0. Suppose 4*h = -c*h, -4*p + 316 = -4*h. What is the tens digit of p?
7
Let w(b) = -85*b - 11. Let a be w(4). Let v = -193 - a. Suppose -26*p + v = -24*p. What is the units digit of p?
9
Suppose -h + 3 = p, 0 = 5*h - 2*p - 2*p - 24. Suppose -2*c = 4*g - 1118, h*c + 7*g = 3*g + 2232. What is the units digit of c?
7
Let c = 17169 + -8974. What is the tens digit of ((-4)/(-5))/(-9 + 73777/c)?
9
Let q be 2 + (665 - (2 - 1)). Suppose -27*s - 28854 = 36*s. Let c = s + q. What is the hundreds digit of c?
2
Let s(d) = -6*d - 25. Let v be s(-20). Let f = 98 - v. What is the units digit of 5/10 + ((-1986)/(-4))/f?
6
Let o be 115*2 - (9 - 7). Suppose -5*p - o = p. Let k = p - -51. What is the units digit of k?
3
Let h be 6*(5 - (-38)/(-12)). What is the tens digit of (-4342)/(-3) + -1 + h/(-33)?
4
Suppose -2*c - 10 + 6 = 0. Let g(n) = -34*n - 21. What is the tens digit of g(c)?
4
Suppose 5*c - 14705 = -26*s + 31*s, 4*s + 8823 = 3*c. Suppose c = 15*l + 466. What is the units digit of l?
5
Suppose 43*h - 3*v = 39*h + 53654, 0 = -h - 2*v + 13408. What is the units digit of h?
2
Let r = 16801 + -6472. What is the units digit of r?
9
Let k(h) = -h**3 - 5*h**2 + 8*h + 14. Suppose -2*n + 2*t - 17 = n, -24 = n + 3*t. What is the tens digit of k(n)?
6
Let v be (6/18)/((-1)/(0 + -12)). Let y be 2/((v/8)/(142/8)). Suppose 3*x = -y + 293. What is the tens digit of x?
7
Suppose 0 = -5*l - 5*q + 17010, 2*l + 239*q - 234*q - 6798 = 0. What is the tens digit of l?
0
Suppose -3*p + 3*b + 3102 = 0, -3*p - b + 724 = -2370. Suppose 3*l + p = 7*l. Let n = l + -159. What is the units digit of n?
9
Let b be (-2 - 11)/((3 + -2)*-1). Let d = 15 - b. Suppose j - 4*r + 110 = 2*j, d*j - r = 265. What is the units digit of j?
0
Suppose -564311 = -40*o + 106009. What is the ten thousands digit of o?
1
Suppose -12*m = 21*m - 1221. What is the thousands digit of (32 - m) + (1608 - 1)?
1
Suppose 20*d - 9248 = 12*d. Suppose -5*g = -z - d, -z = -10*g + 6*g + 925. Suppose -4*n + g + 300 = 5*r, -2*r + n = -202. What is the hundreds digit of r?
1
Suppose 328879 = 4*h + 166*j - 167*j, 3*h = 5*j + 246638. What is the ten thousands digit of h?
8
Let t(i) = i**3 + 4*i**2 - 14*i - 23. Let u be t(-5). Let m(g) = 4*g + 235. What is the hundreds digit of m(u)?
3
Suppose -107391 = -23*a + 85234. What is the units digit of a?
5
Let c(r) = -r - 6. Let n be c(-6). Let t = 963 - 1037. What is the units digit of n + (0 + 3 - t)?
7
Suppose 2*i + 431 = 5*g, -4*g - 4*i + 334 = -2*i. Let q be (-8)/1